 + 2732. Is i a prime number?
True
Let n = -5197 + 10688. Let w = -2534 + n. Is w a composite number?
False
Let m = 48 + -48. Suppose -q + 0*q = -r - 687, m = q + 3*r - 679. Is q composite?
True
Suppose 2062 + 2481 = 11*w. Is w a composite number?
True
Let z(u) = 19*u**2 + 21*u - 17. Is z(7) composite?
False
Let i(r) = 2*r + 2*r**2 + 6*r - r**2 + 3. Is i(-8) a prime number?
True
Let d(o) = -845*o - 7. Let h be d(-8). Let l = h + -4804. Is l a composite number?
False
Let d = 881 - 246. Is d a composite number?
True
Let k(j) = 119*j**3 + 2*j**2 - 5*j + 3. Let n be ((-66)/(-15) + -4)*5. Is k(n) a composite number?
False
Suppose 20*z = 21*z - 2. Suppose 3*a + 1240 = z*a. Let r = a + 1887. Is r composite?
False
Let b = 6625 + -3114. Is b a composite number?
False
Let z = 3548 - -25823. Is z a composite number?
True
Suppose -9*c + 469797 = -230052. Is c prime?
True
Suppose -3*r + 74 = -5*z + 188, -5*z + 130 = 5*r. Suppose -a - 5*x - 20 = 0, -a + 0*a + 5*x + 30 = 0. Let w = z - a. Is w a prime number?
True
Is (-36729)/(-27) + (-6)/(-9) a prime number?
True
Is (-6)/(-4) - (-9 - 1261/2) composite?
False
Let c be (20/6)/((-4)/(-6)). Let f = -68 - -70. Suppose 5*h = f*k + 3*k - 970, -k - c*h = -176. Is k composite?
False
Let p(b) = 1550*b + 1377. Is p(40) a prime number?
True
Let c = 2459 - -11504. Is c prime?
True
Let f(v) = -v**2 - 11*v - 17. Let u be f(-9). Let g(t) = 128*t - 1. Is g(u) composite?
False
Suppose -3*t = -2*t + 4*u + 18, 21 = 3*t - 3*u. Suppose -w - 2 + 0 = 0. Is 35 + 2*t/w prime?
False
Let i(q) be the first derivative of -3*q**2 - 18*q + 4. Let o be i(-6). Is (1524/o)/(2/3) prime?
True
Let r be (71/(-3))/((-9)/(-81)). Let t = 141 - r. Suppose 2*b - 246 = 2*l, -4*b + l + t = -150. Is b prime?
True
Let z(t) = t**3 - 2*t**2 - t - 3. Let q be z(3). Suppose 0 = q*f - 2*f. Suppose -5*s = -f*s - 295. Is s prime?
True
Suppose 0 = 13*i + 10532 - 64794. Is i prime?
False
Suppose -l = l + 3*b - 6, 10 = 3*l + 5*b. Let y be (0/(l - 3))/1. Suppose y - 11 = -m. Is m a prime number?
True
Suppose -4 = -4*o, 0*b = -5*b - o + 21. Suppose -3*r + 2993 = b*n, 0*n - 5*n + 3750 = -5*r. Is n prime?
False
Suppose -11*k + 5*k = -6054. Is k a composite number?
False
Suppose 2*l - 438 = -5*w, 221 = 2*l - l + 3*w. Is l a composite number?
True
Let j = -21679 + 58838. Is j a prime number?
True
Let f(m) = 172*m + 39. Is f(41) a composite number?
True
Let p = 4291 + -2510. Let f = 2868 - p. Is f prime?
True
Suppose 14*a = 48517 + 130137. Is a prime?
False
Let g = -23 + 27. Is g + (-2)/(-4)*398 a prime number?
False
Let o(x) = -2*x**3 + x**2. Let g be o(1). Let z be 3 + -2*g/(-1). Is -32*(-2)/2 - z composite?
False
Suppose -3*b - 2224 = -3*w - 7096, -b + 1620 = -2*w. Let k = b - 921. Is k composite?
True
Let n = 6535 - 3794. Is n prime?
True
Suppose 2*y - 25 + 11 = 0. Let c(l) = -2*l**2 + 17*l - 17. Let r be c(y). Suppose 0 = 4*b - r, -4*s + 4*b + 1876 + 1436 = 0. Is s composite?
False
Let l(j) = -617*j - 8. Let k be l(-2). Suppose 6*m - m - 5 = 0, 4*g - 2*m = k. Is g a composite number?
False
Let c = 55 - -187. Suppose 4*n - 5*o - 285 = c, -5*n + 5*o + 660 = 0. Is n a composite number?
True
Suppose -4*z - 14 = -u, -4*z = u + 26 - 0. Let o be u + 0 + 0 + 0. Is (-188)/o - 1/3 a composite number?
False
Let s(r) = r**3 + 7*r**2 - 2*r - 9. Let t be s(-7). Suppose -13*u + t*u = -11496. Is u a prime number?
False
Is (309/(-6))/((-7)/(-826))*-1 a composite number?
True
Is (11094/(-24))/((-6)/24) a composite number?
True
Let b = 185976 + -121019. Is b composite?
True
Let p(u) be the third derivative of 31*u**5/60 + u**4/12 - 7*u**3/3 + 6*u**2. Is p(-5) composite?
False
Let o be 3*2*(-8)/6. Let q(t) = -4*t**2 - 2 + 7 - 9*t + 3*t**2 - 6. Is q(o) a composite number?
False
Let c(v) = v**2 + v + 9. Let u(w) = w**3 + 9*w**2 + 4*w. Let b be u(-8). Suppose -5*f - b = 3*z - 10*f, 20 = 5*f. Is c(z) composite?
True
Let p(h) = h**3 - 6*h**2 - 6*h - 5. Let c be p(7). Is ((-8010)/(-27))/2 - c/(-3) a composite number?
False
Suppose -1 = 3*o - 4. Let i(k) = -4 - 81*k + 77*k - o + 20*k**2. Is i(-4) composite?
False
Suppose 22*x - 17*x - 35 = 0. Suppose x = 2*l + 3. Suppose -l*m = -3*m + u + 182, 892 = 5*m + u. Is m composite?
False
Is -14 + 6 - -7 - -17994 a prime number?
False
Suppose 11*p - 486 = -16*p. Let g = 34 - 17. Suppose p*s - 49 = g*s. Is s prime?
False
Let j(f) = 623*f**3 - f**2 + f. Let l be j(1). Suppose l + 1497 = 8*y. Is y composite?
True
Let a(s) = -125*s**2 - 4*s - 1. Let x(w) = -125*w**2 - 5*w - 1. Let p(h) = -7*a(h) + 6*x(h). Let m be p(1). Suppose -323 - m = -o. Is o a prime number?
False
Suppose 0 = 7*c - 6*c + 689. Let g = -274 - c. Is g a composite number?
True
Let h = 2990 - 829. Is h a composite number?
False
Is ((-3)/2)/((-105)/109970) prime?
True
Let t be -1423*(-1 + (-3)/3). Is (0 + -2)/(-4)*t a prime number?
True
Is 6211 + -74 - (-4)/(-2)*-1 a composite number?
True
Suppose q = 5*t - 4*t - 763, -q + 3052 = 4*t. Suppose s - 4*p - 502 = -s, -t = -3*s - 4*p. Is s prime?
False
Suppose -5*y - f + 22 = -3*f, -2*y - 5*f = -3. Suppose 4*v = 2*v + y. Suppose 4*l - 70 = -v*i + 32, 0 = 3*i - 3*l - 162. Is i a composite number?
False
Let c = -43 - -41. Is (1 + (-2)/c)/((-18)/(-3537)) a composite number?
True
Let y(w) = -32*w**3 - w**2 - w - 3. Let c(m) = 3*m**3 - m**2 + m - 1. Let l be c(1). Let h be y(l). Let z = -74 - h. Is z a composite number?
False
Let r be (-9)/(0 - 3) - -3. Suppose 4*b = r*b - 636. Let a = 509 - b. Is a composite?
False
Suppose 12*d = 15*d - 24. Let b(m) = 2*m**2 - 11*m + 7. Is b(d) a prime number?
True
Let r(w) = w**3 + 2*w**2 - 11*w + 6. Let t be r(-5). Let c(p) = -p**3 - 7*p**2 - 9*p - 17. Is c(t) a prime number?
True
Let q(m) = 5*m + 41. Let t(b) = 6*b + 41. Let x(z) = 7*q(z) - 6*t(z). Let h be x(0). Suppose -5*j + 534 = -h. Is j a composite number?
True
Let v(b) = -9 - b + 0*b + 2. Let h be v(-7). Suppose h*r - 388 = -4*r. Is r prime?
True
Suppose -2*v = -4*t + 100639 + 43975, -9*v = 4*t - 144559. Is t composite?
False
Is (-6)/27 + (-528628)/(-18) + 3 a composite number?
True
Suppose -9455 = y + 58. Let d = 6123 + y. Is (2/(-4))/(5/d) composite?
True
Let t be 1*(-4 - (-27 + -4)). Let l = 679 + t. Let n = l - 33. Is n a composite number?
False
Let q(m) = 1995*m - 577. Is q(4) a composite number?
True
Let z = -12 - -27. Let a be (-3*(z + 2))/(-1). Let v = a + 584. Is v prime?
False
Is (-40)/60*(-1248678)/12 prime?
True
Let i(z) = -57*z + 576. Is i(7) composite?
True
Let j = 17 + -26. Let w(t) = t**3 + 8*t**2 - 12*t - 13. Is w(j) a prime number?
False
Let y = -931 + 1365. Let t = 677 - y. Suppose 0 = -4*d + 2*q + 852, -5*d - 2*q + t + 840 = 0. Is d a prime number?
False
Let m(q) = 3*q**2 + 27*q + 71. Is m(-16) a composite number?
True
Suppose 6*m - 44 = 10*m. Let v = m - -7. Is 3110/8 - v/16 a composite number?
False
Suppose 0 = -3*q + 11*q. Let j be q/(-4) + 1 - -1. Is 270/9 - (-1 - j) a prime number?
False
Let x(f) = -8*f + 6. Let l be 4/(-6) - (-51)/9. Suppose -l*o - 57 = -22. Is x(o) prime?
False
Suppose -3*t = -3*z - 9, 3 + 2 = 5*z. Suppose t*l = -3*l + 14133. Is l a prime number?
False
Suppose 0 = 6*p - 2*p - 28. Suppose -2*h - 3*x - 18 = 0, 3*h - p*h - 50 = -x. Is (-9)/h - 1730/(-8) prime?
False
Suppose -2*h - 6 - 49 = 5*q, -5*q - 5*h = 40. Let r(u) = 2*u**2 - 7. Is r(q) a prime number?
True
Let p be 5/((-4)/(-10)*(-25)/(-10)). Suppose 4*d - 3*k = 1298, 4*d - p*k - 1157 = 145. Is d a prime number?
False
Let a be (4 - (-7945)/10)/(3/18). Suppose 8*y = -583 + a. Is y a prime number?
False
Let a = -15741 - -41354. Is a a composite number?
True
Let r(d) = 3*d**2 + 14*d + 31. Let y be (-12 - -1) + (2 - 4/4). Is r(y) a prime number?
True
Is (161 - 10) + 8 + -10 prime?
True
Let x(j) = -j**2 + 2*j**2 - j + 1 + 2*j**2 - 2*j**2. Let k be x(2). Suppose 2*w = 4*t - 100, -5*t - w - k*w = -99. Is t a prime number?
True
Let p be 10/(-25) - (-27)/5. Suppose -90 = -p*w + 35. Suppose 0 = 2*i - w - 3. Is i a composite number?
True
Let y(a) = a**3 - 24*a**2 + 90*a - 12. Is y(31) a prime number?
False
Let r be (-5289)/6 - (3 - 10/4). Let p = r - -1529. Is p composite?
False
Suppose 4*t - 35 = -5*h + 2*t, -4*h = 2*t - 30. Suppose 608 = -m + h*m. Let i = -75 + m. Is i composite?
True
Let x(q) be the first derivative of -6*q**2 + 2*q - 1. Suppose 5 = -6*a - 31. Is